 by u(4).
9
Suppose 2*i - 3*q = 49, 0 = -4*q + q + 15. Calculate the remainder when 140 is divided by i.
12
Suppose 6*f - 1167 = 3*f - 5*x, 3*f - 1167 = -4*x. Calculate the remainder when f is divided by 13.
12
Suppose -4*m - s = -123, 2*m + 2*s = 10 + 44. Calculate the remainder when 222 is divided by m.
30
Calculate the remainder when 160/6*(96/30 + -2) is divided by 16.
0
Let s(l) = -l**2 - 2*l + 93. What is the remainder when s(0) is divided by 12?
9
Let j be (16/(-6))/((-12)/18). Let x(r) = 2*r**3 - 3*r**2 - 3*r - 7. What is the remainder when x(j) is divided by 22?
17
Suppose 0 = s - 30*v + 34*v + 5, 2*v + 16 = 4*s. Let f(q) = -q**3 + 10*q**2 + 25*q - 9. Calculate the remainder when s is divided by f(12).
0
Let j(g) = 3*g - 7. What is the remainder when (0 + 1)/((-7)/(-118 + -1)) is divided by j(4)?
2
Suppose 4*s - s - 90 = 3*v, -2*s = 4*v - 54. What is the remainder when 343 is divided by s?
24
Suppose -1000 = -45*h - 370. What is the remainder when h is divided by 4?
2
Let v(n) = -5*n**2 - 4*n - 14. Let o be v(-5). Let k = 130 + o. What is the remainder when 16 is divided by k?
5
Let q(r) = -r**3 - 8*r**2 - 7*r - 7. Let v be q(-7). Let u(x) = x**2 + 6*x - 10. Let w be u(v). What is the remainder when w/(-3 + 210/71) is divided by 24?
23
Let x(i) = i. Let h(a) = a**2 + 7. Let q(n) = h(n) + 4*x(n). Let c be q(-9). Suppose 3*v + v - c = 0. What is the remainder when 50 is divided by v?
11
Let i(m) = -72*m + 110. What is the remainder when i(-4) is divided by 25?
23
Let b = 11 + -9. Let q(w) = 5*w**2 - 4*w + 2. Let z be q(b). Suppose 10*o = z*o - 24. Calculate the remainder when 27 is divided by o.
3
Let c(k) = k**3 - 6*k**2 - 16*k + 21. What is the remainder when c(8) is divided by 6?
3
Suppose 19*o - 82 = 1875. Calculate the remainder when o is divided by 5.
3
Suppose 0 = 96*m - 492 - 5268. Calculate the remainder when m is divided by 13.
8
Let y(b) = 3*b - 12. Suppose -16*k = -17*k + 42. What is the remainder when k is divided by y(7)?
6
Let w(h) = 189*h - 377. Calculate the remainder when w(10) is divided by 15.
13
Let p = 186 + -97. Suppose -4*x + a = 73, -5*x - 3*a + 2*a = p. Let c = 26 - x. What is the remainder when c is divided by 12?
8
Let q be 6/57 + 10028/38. Let x = q + -8. What is the remainder when x is divided by 37?
34
Calculate the remainder when 143 is divided by (-15)/(-20) - (-4 - 1230/24).
31
Suppose -2 = 3*r - 17. Let i = r - -25. Calculate the remainder when 208 is divided by i.
28
Suppose -6*r + 165 + 117 = 0. Suppose 2*j - 3*j = -17. What is the remainder when r is divided by j?
13
What is the remainder when 33/(-12)*-20 + -1*2 is divided by 9?
8
Suppose -23*r - 37 + 428 = 0. Calculate the remainder when 728 is divided by r.
14
Let y(x) = -x**3 + 19*x**2 + x - 27. Let g be y(19). Let t = g - -33. Calculate the remainder when t is divided by 4.
1
Let d(r) = 10*r - 21. Suppose 40 + 24 = 8*c. What is the remainder when d(9) is divided by c?
5
Suppose 16*m - 451 = 5*m. What is the remainder when m is divided by 12?
5
What is the remainder when (-18112)/(-24) - (-84)/36 is divided by 40?
37
Let t(y) = 2*y**2 + 11*y + 3. Calculate the remainder when 141 is divided by t(3).
33
Suppose -4*z = 4*r - 40, -6*r - z = -r - 66. Let v = 26 - r. What is the remainder when 31 is divided by v?
7
Let s(r) = r**3 + 23*r**2 + 22*r + 22. What is the remainder when 830 is divided by s(-22)?
16
Let n(b) = b + 9. Let a be n(-9). Let w be a/(2 + (-15)/3). Suppose w = -5*f + 2*f + 12. What is the remainder when 18 is divided by f?
2
Calculate the remainder when ((817 + -9)/(-4))/(2/(-3)) is divided by 51.
48
Let b(y) = -y**3 + 7*y**2 + 6*y + 17. Suppose -3*z + 23 + 1 = 0. What is the remainder when b(z) is divided by (0 - 1*-1)*1?
0
Suppose -6*a = -140 - 58. Suppose 3*x - 2*x = a. What is the remainder when x is divided by 12?
9
Let z(v) = -2*v**2 - 3*v - 6*v**2 + 3 + 8*v**2 + 3*v**3. Calculate the remainder when z(2) is divided by (15/(-2) - -2)*-2.
10
Let u = 144 + -130. Suppose -u*d + 3*d = -1034. What is the remainder when d is divided by 51?
43
Let w(x) = 5*x - 7. Let l = 194 + -184. What is the remainder when w(9) is divided by l?
8
Let b = -55 - -118. Let u be 0/(-4 + 4/2). Suppose y + y - 26 = u. Calculate the remainder when b is divided by y.
11
What is the remainder when 398 is divided by 20/((60/6)/20)?
38
Suppose 10*o + 74 = 12*o. What is the remainder when o is divided by 12?
1
Let q be ((-5)/(-4))/((-18)/(-1080)). Suppose 0 = -4*a + 5*h + 69, 10*a = 5*a + 4*h + q. Calculate the remainder when a is divided by 3.
2
Let p(h) = -h + 6. Let c be p(-14). Let y(n) = 4*n - 49. Calculate the remainder when 123 is divided by y(c).
30
Let q = -61 - -65. Suppose r = -4*j + 42, q*r - 3*r - 2*j - 36 = 0. What is the remainder when r is divided by 5?
3
Let f(d) = d**2 - 4*d + 9. Let y = -34 - -49. What is the remainder when f(-4) is divided by y?
11
Suppose 27*z = -0*z + 81. What is the remainder when 502 is divided by z?
1
Let b = 30 + -17. Let n = 39 - b. Let j = 131 + n. What is the remainder when j is divided by 32?
29
Let b(y) = -4*y + 2. Suppose 4*o + o + q = 20, 0 = -o + 3*q - 12. Let a be -4 + o/(-1 + 4). Calculate the remainder when 53 is divided by b(a).
11
Let w(z) = 21*z - 4. Suppose -o = 7*o - 1400. What is the remainder when o is divided by w(3)?
57
Let p(h) = -5*h**2 + 96*h - 10. What is the remainder when 65 is divided by p(19)?
2
Let y = -30 - -34. Let v be 2*-18 + (y - 4). What is the remainder when 16 is divided by (v/(-16))/((-6)/(-16))?
4
Let n = -25 + 18. Let j = 11 + n. Suppose -t - 5*u - 57 = -4*t, 4*t - u = 59. Calculate the remainder when t is divided by j.
2
Suppose 0 = y - 32 + 10. Let i(u) = -2*u. Calculate the remainder when y is divided by i(-4).
6
Suppose -4*f = -5*f + 28. Suppose 0 = 4*z - 0 - f. What is the remainder when 25 is divided by z?
4
Suppose -23*m + 19*m = -60. Suppose -2*l + 10 = 5*j, -3*j - 5*l + 0*l = -25. Let c = j - -57. Calculate the remainder when c is divided by m.
12
Suppose 5*l = -5, p - 26 = 4*l + 87. Let d = -74 + p. Calculate the remainder when d is divided by 13.
9
Suppose 4*y - 59 = 53. Suppose 4*i + 6*m - m = 69, -61 = -4*i + 3*m. Calculate the remainder when y is divided by i.
12
What is the remainder when 4653/(-396)*4*(-2)/1 is divided by 25?
19
Let p = -354 - -508. What is the remainder when p is divided by 12?
10
Let c be (-549)/(-6)*(-16)/(-6). Let r be ((-12)/(-4))/((-6)/c). What is the remainder when r/6*(-11 - -8) is divided by 32?
29
Let k be 144/10 - 2/5. Let p = k - 11. Suppose 0*f = -p*f + 9. Calculate the remainder when 5 is divided by f.
2
Suppose 10 = u - 2. Suppose 9 = 22*x - 1003. What is the remainder when x is divided by u?
10
Suppose -1509 - 1221 = -21*j. What is the remainder when j is divided by 12?
10
Suppose p = -0 - 5, 3*o - 3 = -3*p. Let x(u) = u**2 - 3*u - 3. Calculate the remainder when 59 is divided by x(o).
14
Suppose 5*b + 7 = 5*z - 123, 0 = 5*z + 2*b - 130. Calculate the remainder when 123 is divided by z.
19
Let a(v) = v**3 - 65*v**2 + 189*v - 183. Let q = -2 + 4. What is the remainder when -2 - (q - 3)*7 is divided by a(62)?
2
Suppose 1 + 7 = 4*k. Suppose -7*r + 55 = -k*r. What is the remainder when 21 is divided by r?
10
Let s(l) = -2*l - 10. Let h be s(-7). Suppose -2*p + 226 = 5*y - 5*p, -h*p + 12 = 0. What is the remainder when 16 is divided by y/5 - 24/60?
7
Let w = -85 + 88. Suppose 5*d = 3*t - 65, w*d + 8 = d. What is the remainder when 72 is divided by t?
12
What is the remainder when 692 - (-35)/14*2 is divided by 70?
67
Suppose -2*x + x = 5*s - 81, -x - 31 = -2*s. Let v = 4 + -10. Let u(o) = -3*o - 8. Calculate the remainder when s is divided by u(v).
6
Let h be 1*((-6 - -1) + 0). Let i = -3 - h. What is the remainder when ((-48)/(-28))/(8/28) is divided by i?
0
Suppose 3*f = 5*s + 162, -f + s = -0*s - 52. What is the remainder when f is divided by 18?
13
Let p = -2 + 3. Suppose -3*y + f = -8*y + 17, -4*f = -5*y + 7. Suppose -6 = -y*s + s. What is the remainder when s is divided by p?
0
Let a(o) = -o**3 + 8*o**2 + 2*o - 7. Suppose -2*v = -6*v. Suppose v = d - 8. What is the remainder when a(d) is divided by 5?
4
Let l(f) = f**2 + 7*f - 12. Let y be l(-9). Suppose 0 = 4*p - 18 + y. Suppose 46 - 10 = p*k. What is the remainder when 46 